{"id":1580,"date":"2004-08-26T19:38:47","date_gmt":"2004-08-26T19:38:47","guid":{"rendered":"https:\/\/orientaeduc.com\/archivo\/?page_id=1580"},"modified":"2020-04-15T17:56:50","modified_gmt":"2020-04-15T17:56:50","slug":"acercade","status":"publish","type":"page","link":"https:\/\/orientaeduc.com\/archivo\/acercade","title":{"rendered":"Acerca de"},"content":{"rendered":"<p>[et_pb_section fb_built=\u00bb1&#8243; _builder_version=\u00bb3.22&#8243;][et_pb_row _builder_version=\u00bb3.25&#8243; background_size=\u00bbinitial\u00bb background_position=\u00bbtop_left\u00bb background_repeat=\u00bbrepeat\u00bb][et_pb_column type=\u00bb4_4&#8243; _builder_version=\u00bb3.25&#8243; custom_padding=\u00bb|||\u00bb custom_padding__hover=\u00bb|||\u00bb][et_pb_text _builder_version=\u00bb3.27.4&#8243; background_size=\u00bbinitial\u00bb background_position=\u00bbtop_left\u00bb background_repeat=\u00bbrepeat\u00bb]<\/p>\n<p align=\"justify\"><strong>Orientaeduc &#8211; Recursos para la Orientaci\u00f3n Educativa<\/strong> ha sido construido con <a href=\"http:\/\/www.opensource.org\/\" target=\"_blank\" rel=\"noopener noreferrer\">software libre<\/a> creado por muchos desarrolladores que de forma desinteresada ponen su conocimiento y su trabajo a disposici\u00f3n de todo el mundo.<\/p>\n<p><strong>Orientaeduc.com<\/strong>, y los dem\u00e1s sitios vinculados a esta web, se mantiene exclusivamente gracias a la inversi\u00f3n de tiempo y dinero de su <a href=\"index.php?option=com_peoplebook&amp;Itemid=74&amp;func=fullview&amp;staffid=62\" target=\"_self\" rel=\"noopener noreferrer\">autor<\/a>, sin que exista <strong>ninguna ayuda ni aportaci\u00f3n<\/strong> de organismo o instituci\u00f3n alguna. Por ello recientemente se han incluido algunos espacios de publicidad en algunas de sus p\u00e1ginas.<\/p>\n<p>Todos los contenidos de Orientaeduc.com se pueden copiar, distribuir y comunicar p\u00fablicamente bajo las siguientes <strong>condiciones de uso<\/strong>:<\/p>\n<ul>\n<li>\n<div align=\"left\"><strong>Se debe reconocer y citar al autor original<\/strong><\/div>\n<\/li>\n<li>\n<div align=\"left\"><strong>Uso no comercial<\/strong><\/div>\n<\/li>\n<\/ul>\n<p>&nbsp;<\/p>\n<p align=\"justify\"><strong>Orientaeduc &#8211; Recursos para la Orientaci\u00f3n Educativa <\/strong>es un proyecto que naci\u00f3 en el a\u00f1o 2000 a partir de las experiencias de otros colegas profesionales de la orientaci\u00f3n como J. Antonio Moreno, \u00c1ngel S\u00e1ez o Antonio Guti\u00e9rrez, que sirvieron como est\u00edmulo y como referencia para esta web.<\/p>\n<p>En una primera \u00e9poca <em>Recursos para la Orientaci\u00f3n Educativa <\/em> tuvo como \u00fanica direcci\u00f3n la del espacio personal que el servidor del PNTIC ofrece a los docentes. Con la ayuda de los gestores de este organismo comenz\u00f3 a funcionar la primera versi\u00f3n de esta p\u00e1gina.<\/p>\n<p>Un par de a\u00f1os m\u00e1s tarde el nombre de domino <strong>www.orientaeduc.com <\/strong>sirvi\u00f3 para dar acceso directo al servidor del PNTIC, lo que contribuy\u00f3 a dar una mayor presencia a esta web en la red.<\/p>\n<p>A comienzos del curso 2003-2004 se modific\u00f3 el aspecto de la p\u00e1gina principal, pero s\u00f3lo fue un \u00ablavado de cara\u00bb. Tambi\u00e9n se a\u00f1adi\u00f3 un <a href=\"http:\/\/orientaeduc.blogia.com\" target=\"_blank\" rel=\"noopener noreferrer\">weblog alojado en <strong>Blogia.com<\/strong><\/a> para facilitar la publicaci\u00f3n instant\u00e1nea de contenidos.<\/p>\n<p>La transformaci\u00f3n m\u00e1s importante se realiz\u00f3 en septiembre de 2004 cuando \u00edbamos por los 45.000 visitantes: una <strong>web din\u00e1mica<\/strong> creada con la herramienta \u00ab<a href=\"http:\/\/www.phpnuke.org\" target=\"_blank\" rel=\"noopener noreferrer\">PHP Nuke<\/a>\u00bb y alojada en un servidor de pago (<a href=\"http:\/\/www.navigatoris.net\" target=\"_blank\" rel=\"noopener noreferrer\">Navigatoris.net<\/a>) que pretend\u00eda facilitar la actualizaci\u00f3n de contenidos y conseguir una mayor participaci\u00f3n de visitantes y usuarios.<\/p>\n<p align=\"justify\">La que tienes en tu pantalla es la \u00faltima versi\u00f3n. En julio de 2005 Orientaeduc.com migr\u00f3 al sistema <a href=\"http:\/\/www.mamboserver.com\/\" target=\"_blank\" rel=\"noopener noreferrer\">Mambo<\/a> para ganar en seguridad y mejorar algunas funcionalidades. Meses m\u00e1s tarde se ha producido una nueva migraci\u00f3n a <a href=\"http:\/\/www.joomla.org\/\">Joomla!<\/a> .<\/p>\n<p align=\"justify\">Puedes <a href=\"https:\/\/orientaeduc.com\/archivo\/2005\/08\/17\/colaborar-en-orientaeduccom\/\" target=\"_self\" rel=\"noopener noreferrer\">colaborar enviando noticias, art\u00edculos o rese\u00f1as bibliogr\u00e1ficas<\/a>, proponiendo <a href=\"index.php?option=com_weblinks&amp;task=new&amp;itemid=23\" target=\"_self\" rel=\"noopener noreferrer\">enlaces<\/a>, a\u00f1adiendo comentarios a las noticias publicadas, participando en los <a href=\"index.php?option=com_simpleboard&amp;Itemid=41%20\" target=\"_self\" rel=\"noopener noreferrer\">foros<\/a>, recomendando la web a tus contactos, etc.<\/p>\n<p>Te recomendamos que te registres como usuario\/a para as\u00ed poder acceder a todos los contenidos de la p\u00e1gina y poder opinar en todos los foros. Si quieres registrarte ahora, haz click <a href=\"index.php?option=com_registration&amp;task=register\" target=\"_self\" rel=\"noopener noreferrer\">aqu\u00ed<\/a> y sigue los pasos que se te ir\u00e1n indicando. Si necesitas ayuda, pasa por los <a href=\"index.php?option=com_joomlaboard&amp;Itemid=41\" target=\"_self\" rel=\"noopener noreferrer\">Foros<\/a><\/p>\n<p>Tambi\u00e9n puedes enviarnos tus opiniones y sugerencias desde <a href=\"index.php?option=com_contact&amp;Itemid=3\" target=\"_self\" rel=\"noopener noreferrer\">aqu\u00ed<\/a><\/p>\n<p>Espero que te guste y que participes.<\/p>\n<p><a href=\"index.php?option=com_peoplebook&amp;Itemid=74&amp;func=fullview&amp;staffid=62\" target=\"_self\" rel=\"noopener noreferrer\"> LUIS BARRIOCANAL CANTORAL<\/a><br \/>\nAutor y Webmaster de Orientaeduc.com<\/p>\n<p>&nbsp;<\/p>\n<p>&nbsp;[\/et_pb_text][\/et_pb_column][\/et_pb_row][\/et_pb_section]<\/p>\n","protected":false},"excerpt":{"rendered":"<p>Orientaeduc &#8211; Recursos para la Orientaci\u00f3n Educativa ha sido construido con software libre creado por muchos desarrolladores que de forma desinteresada ponen su conocimiento y su trabajo a disposici\u00f3n de todo el mundo. Orientaeduc.com, y los dem\u00e1s sitios vinculados a esta web, se mantiene exclusivamente gracias a la inversi\u00f3n de tiempo y dinero de su [&hellip;]<\/p>\n","protected":false},"author":1,"featured_media":0,"parent":0,"menu_order":0,"comment_status":"closed","ping_status":"closed","template":"","meta":{"_et_pb_use_builder":"on","_et_pb_old_content":"<p align=\"justify\"><strong>Orientaeduc - Recursos para la Orientaci\u00f3n Educativa<\/strong> ha sido construido con <a href=\"http:\/\/www.opensource.org\/\" target=\"_blank\" rel=\"noopener noreferrer\">software libre<\/a> creado por muchos desarrolladores que de forma desinteresada ponen su conocimiento y su trabajo a disposici\u00f3n de todo el mundo.<\/p>\r\n<strong>Orientaeduc.com<\/strong>, y los dem\u00e1s sitios vinculados a esta web, se mantiene exclusivamente gracias a la inversi\u00f3n de tiempo y dinero de su <a href=\"index.php?option=com_peoplebook&Itemid=74&func=fullview&staffid=62\" target=\"_self\" rel=\"noopener noreferrer\">autor<\/a>, sin que exista <strong>ninguna ayuda ni aportaci\u00f3n<\/strong> de organismo o instituci\u00f3n alguna. Por ello recientemente se han incluido algunos espacios de publicidad en algunas de sus p\u00e1ginas.\r\n\r\nTodos los contenidos de Orientaeduc.com se pueden copiar, distribuir y comunicar p\u00fablicamente bajo las siguientes <strong>condiciones de uso<\/strong>:\r\n<ul>\r\n \t<li>\r\n<div align=\"left\"><strong>Se debe reconocer y citar al autor original<\/strong><\/div><\/li>\r\n \t<li>\r\n<div align=\"left\"><strong>Uso no comercial<\/strong><\/div><\/li>\r\n<\/ul>\r\n\u00a0\r\n<p align=\"justify\"><strong>Orientaeduc - Recursos para la Orientaci\u00f3n Educativa <\/strong>es un proyecto que naci\u00f3 en el a\u00f1o 2000 a partir de las experiencias de otros colegas profesionales de la orientaci\u00f3n como J. Antonio Moreno, \u00c1ngel S\u00e1ez o Antonio Guti\u00e9rrez, que sirvieron como est\u00edmulo y como referencia para esta web.<\/p>\r\nEn una primera \u00e9poca <em>Recursos para la Orientaci\u00f3n Educativa <\/em> tuvo como \u00fanica direcci\u00f3n la del espacio personal que el servidor del PNTIC ofrece a los docentes. Con la ayuda de los gestores de este organismo comenz\u00f3 a funcionar la primera versi\u00f3n de esta p\u00e1gina.\r\n\r\nUn par de a\u00f1os m\u00e1s tarde el nombre de domino <strong>www.orientaeduc.com <\/strong>sirvi\u00f3 para dar acceso directo al servidor del PNTIC, lo que contribuy\u00f3 a dar una mayor presencia a esta web en la red.\r\n\r\nA comienzos del curso 2003-2004 se modific\u00f3 el aspecto de la p\u00e1gina principal, pero s\u00f3lo fue un \"lavado de cara\". Tambi\u00e9n se a\u00f1adi\u00f3 un <a href=\"http:\/\/orientaeduc.blogia.com\" target=\"_blank\" rel=\"noopener noreferrer\">weblog alojado en <strong>Blogia.com<\/strong><\/a> para facilitar la publicaci\u00f3n instant\u00e1nea de contenidos.\r\n\r\nLa transformaci\u00f3n m\u00e1s importante se realiz\u00f3 en septiembre de 2004 cuando \u00edbamos por los 45.000 visitantes: una <strong>web din\u00e1mica<\/strong> creada con la herramienta \"<a href=\"http:\/\/www.phpnuke.org\" target=\"_blank\" rel=\"noopener noreferrer\">PHP Nuke<\/a>\" y alojada en un servidor de pago (<a href=\"http:\/\/www.navigatoris.net\" target=\"_blank\" rel=\"noopener noreferrer\">Navigatoris.net<\/a>) que pretend\u00eda facilitar la actualizaci\u00f3n de contenidos y conseguir una mayor participaci\u00f3n de visitantes y usuarios.\r\n<p align=\"justify\">La que tienes en tu pantalla es la \u00faltima versi\u00f3n. En julio de 2005 Orientaeduc.com migr\u00f3 al sistema <a href=\"http:\/\/www.mamboserver.com\/\" target=\"_blank\" rel=\"noopener noreferrer\">Mambo<\/a> para ganar en seguridad y mejorar algunas funcionalidades. Meses m\u00e1s tarde se ha producido una nueva migraci\u00f3n a <a href=\"http:\/\/www.joomla.org\/\">Joomla!<\/a> .<\/p>\r\n<p align=\"justify\">Puedes <a href=\"https:\/\/orientaeduc.com\/archivo\/2005\/08\/17\/colaborar-en-orientaeduccom\/\" target=\"_self\" rel=\"noopener noreferrer\">colaborar enviando noticias, art\u00edculos o rese\u00f1as bibliogr\u00e1ficas<\/a>, proponiendo <a href=\"index.php?option=com_weblinks&task=new&itemid=23\" target=\"_self\" rel=\"noopener noreferrer\">enlaces<\/a>, a\u00f1adiendo comentarios a las noticias publicadas, participando en los <a href=\"index.php?option=com_simpleboard&Itemid=41%20\" target=\"_self\" rel=\"noopener noreferrer\">foros<\/a>, recomendando la web a tus contactos, etc.<\/p>\r\nTe recomendamos que te registres como usuario\/a para as\u00ed poder acceder a todos los contenidos de la p\u00e1gina y poder opinar en todos los foros. Si quieres registrarte ahora, haz click <a href=\"index.php?option=com_registration&task=register\" target=\"_self\" rel=\"noopener noreferrer\">aqu\u00ed<\/a> y sigue los pasos que se te ir\u00e1n indicando. Si necesitas ayuda, pasa por los <a href=\"index.php?option=com_joomlaboard&Itemid=41\" target=\"_self\" rel=\"noopener noreferrer\">Foros<\/a>\r\n\r\nTambi\u00e9n puedes enviarnos tus opiniones y sugerencias desde <a href=\"index.php?option=com_contact&Itemid=3\" target=\"_self\" rel=\"noopener noreferrer\">aqu\u00ed<\/a>\r\n\r\nEspero que te guste y que participes.\r\n\r\n<a href=\"index.php?option=com_peoplebook&Itemid=74&func=fullview&staffid=62\" target=\"_self\" rel=\"noopener noreferrer\"> LUIS BARRIOCANAL CANTORAL<\/a>\r\nAutor y Webmaster de Orientaeduc.com\r\n\r\n\u00a0\r\n\r\n\u00a0","_et_gb_content_width":"","footnotes":""},"class_list":["post-1580","page","type-page","status-publish","hentry"],"yoast_head":"<!-- This site is optimized with the Yoast SEO plugin v27.4 - https:\/\/yoast.com\/product\/yoast-seo-wordpress\/ -->\n<title>Acerca de - Orientaeduc<\/title>\n<meta name=\"robots\" content=\"index, follow, max-snippet:-1, max-image-preview:large, max-video-preview:-1\" \/>\n<link rel=\"canonical\" href=\"https:\/\/orientaeduc.com\/archivo\/acercade\" \/>\n<meta property=\"og:locale\" content=\"es_ES\" \/>\n<meta property=\"og:type\" content=\"article\" \/>\n<meta property=\"og:title\" content=\"Acerca de - Orientaeduc\" \/>\n<meta property=\"og:description\" content=\"Orientaeduc - Recursos para la Orientaci\u00f3n Educativa ha sido construido con software libre creado por muchos desarrolladores que de forma desinteresada ponen su conocimiento y su trabajo a disposici\u00f3n de todo el mundo. Orientaeduc.com, y los dem\u00e1s sitios vinculados a esta web, se mantiene exclusivamente gracias a la inversi\u00f3n de tiempo y dinero de su [&hellip;]\" \/>\n<meta property=\"og:url\" content=\"https:\/\/orientaeduc.com\/archivo\/acercade\" \/>\n<meta property=\"og:site_name\" content=\"Orientaeduc\" \/>\n<meta property=\"article:modified_time\" content=\"2020-04-15T17:56:50+00:00\" \/>\n<meta property=\"og:image\" content=\"https:\/\/storage.googleapis.com\/orientaeduc\/2020\/09\/orientaeduc-orienta-image.jpg\" \/>\n\t<meta property=\"og:image:width\" content=\"978\" \/>\n\t<meta property=\"og:image:height\" content=\"684\" \/>\n\t<meta property=\"og:image:type\" content=\"image\/jpeg\" \/>\n<meta name=\"twitter:card\" content=\"summary_large_image\" \/>\n<meta name=\"twitter:label1\" content=\"Tiempo de lectura\" \/>\n\t<meta name=\"twitter:data1\" content=\"3 minutos\" \/>\n<script type=\"application\/ld+json\" class=\"yoast-schema-graph\">{\"@context\":\"https:\\\/\\\/schema.org\",\"@graph\":[{\"@type\":\"WebPage\",\"@id\":\"https:\\\/\\\/orientaeduc.com\\\/archivo\\\/acercade\",\"url\":\"https:\\\/\\\/orientaeduc.com\\\/archivo\\\/acercade\",\"name\":\"Acerca de - Orientaeduc\",\"isPartOf\":{\"@id\":\"https:\\\/\\\/orientaeduc.com\\\/archivo\\\/#website\"},\"datePublished\":\"2004-08-26T19:38:47+00:00\",\"dateModified\":\"2020-04-15T17:56:50+00:00\",\"breadcrumb\":{\"@id\":\"https:\\\/\\\/orientaeduc.com\\\/archivo\\\/acercade#breadcrumb\"},\"inLanguage\":\"es\",\"potentialAction\":[{\"@type\":\"ReadAction\",\"target\":[\"https:\\\/\\\/orientaeduc.com\\\/archivo\\\/acercade\"]}]},{\"@type\":\"BreadcrumbList\",\"@id\":\"https:\\\/\\\/orientaeduc.com\\\/archivo\\\/acercade#breadcrumb\",\"itemListElement\":[{\"@type\":\"ListItem\",\"position\":1,\"name\":\"Portada\",\"item\":\"https:\\\/\\\/orientaeduc.com\\\/archivo\"},{\"@type\":\"ListItem\",\"position\":2,\"name\":\"Acerca de\"}]},{\"@type\":\"WebSite\",\"@id\":\"https:\\\/\\\/orientaeduc.com\\\/archivo\\\/#website\",\"url\":\"https:\\\/\\\/orientaeduc.com\\\/archivo\\\/\",\"name\":\"Orientaeduc\",\"description\":\"Recursos para la Orientaci\u00f3n Educativa\",\"publisher\":{\"@id\":\"https:\\\/\\\/orientaeduc.com\\\/archivo\\\/#organization\"},\"potentialAction\":[{\"@type\":\"SearchAction\",\"target\":{\"@type\":\"EntryPoint\",\"urlTemplate\":\"https:\\\/\\\/orientaeduc.com\\\/archivo\\\/?s={search_term_string}\"},\"query-input\":{\"@type\":\"PropertyValueSpecification\",\"valueRequired\":true,\"valueName\":\"search_term_string\"}}],\"inLanguage\":\"es\"},{\"@type\":\"Organization\",\"@id\":\"https:\\\/\\\/orientaeduc.com\\\/archivo\\\/#organization\",\"name\":\"Orientaeduc.com\",\"url\":\"https:\\\/\\\/orientaeduc.com\\\/archivo\\\/\",\"logo\":{\"@type\":\"ImageObject\",\"inLanguage\":\"es\",\"@id\":\"https:\\\/\\\/orientaeduc.com\\\/archivo\\\/#\\\/schema\\\/logo\\\/image\\\/\",\"url\":\"https:\\\/\\\/orientaeduc.com\\\/archivo\\\/wp-content\\\/uploads\\\/sites\\\/2\\\/2020\\\/04\\\/orientaeduc_logo.png\",\"contentUrl\":\"https:\\\/\\\/orientaeduc.com\\\/archivo\\\/wp-content\\\/uploads\\\/sites\\\/2\\\/2020\\\/04\\\/orientaeduc_logo.png\",\"width\":293,\"height\":76,\"caption\":\"Orientaeduc.com\"},\"image\":{\"@id\":\"https:\\\/\\\/orientaeduc.com\\\/archivo\\\/#\\\/schema\\\/logo\\\/image\\\/\"}}]}<\/script>\n<!-- \/ Yoast SEO plugin. -->","yoast_head_json":{"title":"Acerca de - Orientaeduc","robots":{"index":"index","follow":"follow","max-snippet":"max-snippet:-1","max-image-preview":"max-image-preview:large","max-video-preview":"max-video-preview:-1"},"canonical":"https:\/\/orientaeduc.com\/archivo\/acercade","og_locale":"es_ES","og_type":"article","og_title":"Acerca de - Orientaeduc","og_description":"Orientaeduc - Recursos para la Orientaci\u00f3n Educativa ha sido construido con software libre creado por muchos desarrolladores que de forma desinteresada ponen su conocimiento y su trabajo a disposici\u00f3n de todo el mundo. Orientaeduc.com, y los dem\u00e1s sitios vinculados a esta web, se mantiene exclusivamente gracias a la inversi\u00f3n de tiempo y dinero de su [&hellip;]","og_url":"https:\/\/orientaeduc.com\/archivo\/acercade","og_site_name":"Orientaeduc","article_modified_time":"2020-04-15T17:56:50+00:00","og_image":[{"width":978,"height":684,"url":"https:\/\/storage.googleapis.com\/orientaeduc\/2020\/09\/orientaeduc-orienta-image.jpg","type":"image\/jpeg"}],"twitter_card":"summary_large_image","twitter_misc":{"Tiempo de lectura":"3 minutos"},"schema":{"@context":"https:\/\/schema.org","@graph":[{"@type":"WebPage","@id":"https:\/\/orientaeduc.com\/archivo\/acercade","url":"https:\/\/orientaeduc.com\/archivo\/acercade","name":"Acerca de - Orientaeduc","isPartOf":{"@id":"https:\/\/orientaeduc.com\/archivo\/#website"},"datePublished":"2004-08-26T19:38:47+00:00","dateModified":"2020-04-15T17:56:50+00:00","breadcrumb":{"@id":"https:\/\/orientaeduc.com\/archivo\/acercade#breadcrumb"},"inLanguage":"es","potentialAction":[{"@type":"ReadAction","target":["https:\/\/orientaeduc.com\/archivo\/acercade"]}]},{"@type":"BreadcrumbList","@id":"https:\/\/orientaeduc.com\/archivo\/acercade#breadcrumb","itemListElement":[{"@type":"ListItem","position":1,"name":"Portada","item":"https:\/\/orientaeduc.com\/archivo"},{"@type":"ListItem","position":2,"name":"Acerca de"}]},{"@type":"WebSite","@id":"https:\/\/orientaeduc.com\/archivo\/#website","url":"https:\/\/orientaeduc.com\/archivo\/","name":"Orientaeduc","description":"Recursos para la Orientaci\u00f3n Educativa","publisher":{"@id":"https:\/\/orientaeduc.com\/archivo\/#organization"},"potentialAction":[{"@type":"SearchAction","target":{"@type":"EntryPoint","urlTemplate":"https:\/\/orientaeduc.com\/archivo\/?s={search_term_string}"},"query-input":{"@type":"PropertyValueSpecification","valueRequired":true,"valueName":"search_term_string"}}],"inLanguage":"es"},{"@type":"Organization","@id":"https:\/\/orientaeduc.com\/archivo\/#organization","name":"Orientaeduc.com","url":"https:\/\/orientaeduc.com\/archivo\/","logo":{"@type":"ImageObject","inLanguage":"es","@id":"https:\/\/orientaeduc.com\/archivo\/#\/schema\/logo\/image\/","url":"https:\/\/orientaeduc.com\/archivo\/wp-content\/uploads\/sites\/2\/2020\/04\/orientaeduc_logo.png","contentUrl":"https:\/\/orientaeduc.com\/archivo\/wp-content\/uploads\/sites\/2\/2020\/04\/orientaeduc_logo.png","width":293,"height":76,"caption":"Orientaeduc.com"},"image":{"@id":"https:\/\/orientaeduc.com\/archivo\/#\/schema\/logo\/image\/"}}]}},"_links":{"self":[{"href":"https:\/\/orientaeduc.com\/archivo\/wp-json\/wp\/v2\/pages\/1580","targetHints":{"allow":["GET"]}}],"collection":[{"href":"https:\/\/orientaeduc.com\/archivo\/wp-json\/wp\/v2\/pages"}],"about":[{"href":"https:\/\/orientaeduc.com\/archivo\/wp-json\/wp\/v2\/types\/page"}],"author":[{"embeddable":true,"href":"https:\/\/orientaeduc.com\/archivo\/wp-json\/wp\/v2\/users\/1"}],"replies":[{"embeddable":true,"href":"https:\/\/orientaeduc.com\/archivo\/wp-json\/wp\/v2\/comments?post=1580"}],"version-history":[{"count":0,"href":"https:\/\/orientaeduc.com\/archivo\/wp-json\/wp\/v2\/pages\/1580\/revisions"}],"wp:attachment":[{"href":"https:\/\/orientaeduc.com\/archivo\/wp-json\/wp\/v2\/media?parent=1580"}],"curies":[{"name":"wp","href":"https:\/\/api.w.org\/{rel}","templated":true}]}}